(-2242)/6 - (-15)/(-45). Let k = n - -221. Let l = k - -426. Calculate the highest common factor of 39 and l.
39
Let t be 31 + -24 - 1*2. Suppose i = t*n + 26, -i + 9*n + 8 = 10*n. Calculate the greatest common factor of 121 and i.
11
Let i(c) = c**2 - c - 10. Let x = -51 + 56. Let j be i(x). Let z be (-2 - -5)/((-6)/(-10)). What is the greatest common divisor of j and z?
5
Let f = -71 + 146. Let s(m) = 2*m**2 - 22*m + 53. Let l be s(13). Calculate the greatest common factor of l and f.
15
Suppose 2*t + 23 - 131 = 0. Let w(y) = -350*y + 19992. Let s be w(57). What is the greatest common divisor of s and t?
6
Let z(c) = c**2 + 8*c + 3. Let l be z(-6). Let x be 2 + -7 - ((-16)/(-2) + 1 - 6). Let q be 6/l*(-23 - x). What is the highest common factor of 10 and q?
10
Let v = -9260 - -9652. Calculate the highest common factor of 8 and v.
8
Suppose -157*i = 243*i - 3646400. Calculate the highest common factor of 344 and i.
172
Suppose 32*s + 36*s = 58208. Calculate the highest common divisor of s and 4173.
107
Let x = 6392 + -6348. Calculate the highest common divisor of x and 30404.
44
Let k(r) = -2*r**3 - 24*r**2 - 18*r - 613. Let p be k(-17). Calculate the greatest common divisor of 483 and p.
21
Let i be -81*(-4 - (5 + -8)). Let n = -76 + i. Suppose n*w - 26 = -5*a + 39, -w + 5 = 0. What is the greatest common divisor of a and 24?
8
Suppose -526 = -2*o + 2*y, 2*y - 6210 = o - 6476. Calculate the greatest common divisor of 1495 and o.
65
Let i(x) = -x**3 + 37*x**2 - 28*x - 54. Let h be i(13). What is the greatest common divisor of 136 and h?
34
Suppose -5*x - 4998 = -26*x. Let r = x + -214. What is the highest common factor of 6 and r?
6
Let z(d) = -d**3 - 13*d**2 - 5*d - 23. Let c be z(-11). Let a = c - -220. Calculate the highest common divisor of a and 70.
10
Suppose 320 = -4*d - 4*d. Let r = d + -36. Let v be (-2)/6 - r/12. What is the highest common factor of 30 and v?
6
Suppose 21*g = -121 + 793. Suppose 2*q = -14*q + g. Calculate the greatest common factor of 54 and q.
2
Let a = 258 + -256. Suppose a*j = -3*j + 50. What is the highest common divisor of 30 and j?
10
Suppose 41*p = -44*p - 1033 + 5198. What is the greatest common factor of 1813 and p?
49
Let c = -13 + 81. Suppose 0 = -5*o + 2*d + 10, o = 2*d + 11 - 9. Calculate the highest common factor of c and o.
2
Suppose -9*i - 14*i + 252 = 5*i. Suppose 3*v = -5*k + 72, 3*v - 2*v - 24 = -3*k. What is the greatest common divisor of i and v?
3
Let a(l) = 48*l**2 - 45*l - 165. Let t be a(17). What is the greatest common factor of t and 18?
18
Suppose -2*c + 5*g = -98 - 15, 0 = 4*c + g - 237. Let x(n) = 252*n - 7517. Let d be x(31). Calculate the highest common factor of d and c.
59
Suppose 0 = 3*l + 3, p + l = 2*p - 156. Let t = p - -215. Calculate the greatest common divisor of t and 10.
10
Let y be 14/(-49) - 39/(-21)*12. Suppose x - 10 = z, -x + 0*x - 5*z = -y. Calculate the highest common divisor of 36 and x.
12
Let c = 68 - 65. Suppose 0 = -c*r - 9. Let f be (-39)/(((-11)/(-55))/(1/r)). Calculate the greatest common factor of 13 and f.
13
Suppose -3*b = 3, 3*j - b = 123 - 44. What is the highest common divisor of 13 and j?
13
Let o = 18 + -2. Let j = -114778 - -114922. What is the greatest common divisor of j and o?
16
Let k(y) = -6*y**2 - 13*y + 4. Let g be k(-2). Suppose -96 = -3*p - 5*v, 0 = -5*p - v - g + 144. Calculate the greatest common divisor of 216 and p.
27
Let t(q) = q**3 - 3*q + 3. Let h be t(3). Let r be (-1 + 7 - (-17 - -23))/(-1). Suppose -5*z + 282 - 72 = r. What is the greatest common divisor of h and z?
21
Let z(u) = u**3 + 32*u**2 + 16*u - 18. Let o be z(-13). Suppose 18 - o = -3*j. What is the highest common factor of j and 43?
43
Suppose 3*y = -3*w + 2823, -17*y - 1887 = -2*w - 20*y. Let b(q) = -q. Let i be b(-8). Calculate the greatest common divisor of i and w.
8
Suppose 782 = 10*q + 252. Suppose -2*d + 161 = q. Calculate the greatest common divisor of 144 and d.
18
Let k = -84 - -87. Let t be 5 + (6/2)/(-4 + k). Suppose 3*r + d = 162, 6*d = -3*r + t*d + 162. Calculate the highest common factor of r and 6.
6
Let y = -22463 - -22468. What is the highest common factor of y and 37?
1
Suppose -16*q + 112 = -12*q. Suppose q = 7*r - 3*r. Let h be 2/r - (-33)/7. What is the highest common divisor of 30 and h?
5
Let x(h) = h**2 + 7*h - 12. Let d be x(-10). Suppose -s = 3*q - 981 - 34, -4*q + 1335 = 3*s. What is the highest common divisor of q and d?
18
Suppose 295*c + 5832 = 304*c. Calculate the greatest common factor of 243 and c.
81
Let j = 19 + 7. Let y(l) = -71*l - 44. Let b be y(-6). Let s = -252 + b. What is the greatest common divisor of j and s?
26
Let h = -3639 - -3783. What is the highest common divisor of 18 and h?
18
Let d(x) = -6*x + 6. Let i be d(-5). Let s = -6 + i. Let h = -446 + 452. What is the greatest common divisor of h and s?
6
Let l = 15371 - 15359. Calculate the greatest common divisor of 948 and l.
12
Let q(f) = 399*f - 966. Let w be q(19). What is the highest common divisor of 135 and w?
135
Let q(l) = 112*l - 142. Let c be q(5). What is the greatest common factor of 1558 and c?
38
Suppose 2*p + 2*p = -180. Let k = p - -15. Let a = 51 + k. What is the highest common factor of 147 and a?
21
Let d be (2 - (-12)/(-8))*(14 + (17121 - 13)). Calculate the greatest common divisor of 7 and d.
7
Let z = -381 - -281. Let q = -82 - z. Calculate the greatest common divisor of 180 and q.
18
Let v = -3289 + 3305. What is the greatest common divisor of 22 and v?
2
Let n be -2*9/(-6) - (-6765)/11. What is the greatest common factor of 24 and n?
6
Let c(w) = 9*w**2 + 30*w - 267. Let y(z) = -2*z**2 + 1. Let f(h) = -c(h) - 5*y(h). Let o be f(18). What is the highest common divisor of 368 and o?
46
Suppose 20*g - 4*p - 1255 = 19*g, 0 = -3*g - 5*p + 3731. Let v = g - 609. What is the highest common factor of 22 and v?
22
Let r(s) = 14*s + 73. Let b be r(-5). Suppose -361 = -4*k + v, 0*k - 2*k + 191 = b*v. Calculate the greatest common factor of 26 and k.
13
Let l = -130 - -199. Suppose -l = -3*a - 66. Calculate the highest common factor of a and 22.
1
Let x = 1015 - 931. Let i = -17 + 18. Let f be i + 3 + (4 - -48). Calculate the greatest common divisor of f and x.
28
Suppose j + 6 = -j, -3*t = 4*j - 204. Let q be 48/(-256) - (-17307)/144. What is the highest common factor of t and q?
24
Let l = 1296 - 1287. Let x be 0 + 6 + -4 - -25. Calculate the highest common factor of l and x.
9
Suppose -10*m - 236 = 74. Let f be (3 - 1)/(m/(-10664)). What is the greatest common divisor of f and 43?
43
Let v be (-3)/(9 + 6) + (-447)/15. Let q = -27 - v. What is the highest common factor of q and 3?
3
Let h = -4 + -6. Let i(g) = g**2 - 10*g + 18. Let a be i(h). Suppose 2*l = a + 20. Calculate the greatest common factor of l and 17.
17
Suppose 0 = -3*w - 0. Let z(d) = -d**3 + 3*d**2 + d + 17. Let a be z(w). Calculate the highest common divisor of a and 187.
17
Let r be (-58)/(-377) + (-1)/((-13)/154). Suppose r*l - 314 - 550 = 0. Calculate the highest common divisor of 120 and l.
24
Let t = 150 - 101. Let g be 58/7 + (4 - 210/t). Calculate the highest common divisor of 64 and g.
8
Suppose -29*g + 19*g = -4190. Suppose g = -5*a + 2074. Let f = -30 + a. Calculate the highest common factor of 43 and f.
43
Let j = -85934 - -86039. Suppose -5*h + 2*f = -2*h - 1789, 0 = h - 4*f - 603. What is the highest common divisor of h and j?
35
Let r be (-3783)/(-30) - ((-4)/10 - 8/(-16)). What is the highest common factor of r and 1260?
126
Let x be ((-2)/7)/((-6)/42). Suppose 2*i = s - 3*i - 14, -x*s = -4*i - 22. Let l be -30*(-1 + 3/(-6)). What is the highest common divisor of s and l?
9
Suppose -13*n = -77*n + 1408. Suppose 0 = -4*c + 2*d + 568, -2*c + 2*d + 248 = -34. What is the greatest common divisor of n and c?
11
Let v be -14 + 24 + 1 - -2131. What is the greatest common divisor of 54 and v?
18
Let c be 1403/(-6) + ((-2)/(-12))/(-1). Let d be (c/(-4))/(69/138). Calculate the highest common factor of d and 91.
13
Suppose 405 = -2*g - 2*h - 3*h, 651 = -3*g + 7*h. Let t = g - -237. Calculate the greatest common factor of t and 3.
3
Let w be ((-128)/(-10) + -10)/((-77)/(-110)). Let i(y) = 7*y - 7. Let j be i(5). Calculate the greatest common factor of j and w.
4
Let a = 34 - 32. Suppos